e highest common factor of 156 and 1082757.
39
Calculate the highest common factor of 12 and 5466.
6
What is the greatest common factor of 63011 and 481?
481
Calculate the highest common divisor of 73424 and 6001.
353
What is the greatest common factor of 13 and 11117?
1
What is the highest common divisor of 324 and 597?
3
What is the highest common factor of 33715 and 4565?
55
What is the greatest common divisor of 440748 and 672?
84
Calculate the highest common factor of 129 and 44290.
43
What is the greatest common factor of 749 and 12425?
7
What is the greatest common factor of 338 and 2158?
26
What is the greatest common divisor of 19412 and 5014?
46
What is the highest common factor of 279 and 28923?
93
What is the greatest common divisor of 348 and 7129128?
348
Calculate the greatest common factor of 20584 and 378944.
248
What is the highest common divisor of 51 and 440759?
17
What is the highest common factor of 861 and 72611?
287
Calculate the greatest common divisor of 9 and 147141.
9
What is the greatest common divisor of 1448 and 392?
8
What is the greatest common factor of 2220 and 2658820?
740
What is the greatest common divisor of 46225 and 186749?
1849
What is the greatest common factor of 19998 and 18?
18
Calculate the highest common factor of 104 and 1487768.
8
Calculate the greatest common divisor of 21 and 339.
3
What is the highest common factor of 10044 and 3968?
124
What is the highest common divisor of 193222 and 136?
34
What is the greatest common divisor of 63621 and 9?
9
Calculate the highest common divisor of 44 and 74393.
11
What is the highest common factor of 26307 and 925?
37
Calculate the greatest common divisor of 2992 and 3944.
136
What is the highest common divisor of 60 and 587130?
30
Calculate the greatest common factor of 1148 and 1120.
28
What is the highest common factor of 8103 and 438?
219
What is the greatest common divisor of 90 and 247410?
90
What is the highest common divisor of 637 and 403585?
91
What is the greatest common factor of 26444 and 20?
4
Calculate the greatest common factor of 31429 and 265.
53
What is the greatest common factor of 70684 and 28044?
164
Calculate the greatest common divisor of 308 and 176.
44
What is the highest common divisor of 3864 and 6482?
14
What is the highest common factor of 50651 and 37?
1
Calculate the highest common divisor of 12 and 7497.
3
Calculate the highest common divisor of 5553 and 12.
3
What is the highest common factor of 280950 and 18?
6
What is the greatest common factor of 778 and 413118?
778
What is the highest common divisor of 2468 and 202993?
617
What is the highest common divisor of 4 and 701?
1
What is the highest common divisor of 149324 and 140?
28
Calculate the highest common divisor of 555 and 450.
15
What is the highest common factor of 1073 and 5106?
37
Calculate the highest common factor of 2062272 and 576.
192
What is the highest common factor of 1998 and 8954?
74
What is the highest common divisor of 2016 and 193788?
252
What is the highest common divisor of 679 and 791?
7
Calculate the highest common divisor of 746452 and 636.
212
Calculate the greatest common factor of 210926 and 526.
526
What is the highest common factor of 208 and 17116?
4
Calculate the highest common divisor of 13169 and 156.
13
Calculate the highest common factor of 610776 and 18.
18
Calculate the highest common factor of 5195064 and 504.
168
Calculate the greatest common divisor of 196 and 1470.
98
Calculate the greatest common factor of 546 and 1241058.
546
What is the greatest common divisor of 62 and 20243?
31
What is the greatest common factor of 6315248 and 736?
368
What is the highest common divisor of 816 and 3216?
48
Calculate the highest common factor of 8338 and 44.
22
Calculate the greatest common factor of 2968 and 92736.
56
Calculate the highest common factor of 106061 and 2278.
67
What is the greatest common factor of 51690 and 30?
30
Calculate the greatest common factor of 801 and 10324.
89
What is the greatest common divisor of 33440 and 165?
55
Calculate the highest common factor of 459798 and 15366.
1182
What is the greatest common divisor of 19859644 and 28?
28
Calculate the greatest common factor of 123 and 585398.
41
What is the highest common factor of 374 and 478720?
374
What is the highest common divisor of 3328 and 2704?
208
What is the greatest common factor of 1155 and 4725?
105
What is the greatest common factor of 1992 and 72?
24
What is the highest common factor of 534 and 531686?
178
Calculate the highest common divisor of 1392 and 4572.
12
What is the highest common divisor of 5631822 and 1974?
1974
Calculate the greatest common divisor of 2960 and 37296.
592
What is the greatest common factor of 38061 and 117?
9
Calculate the greatest common divisor of 1328 and 27556.
332
Calculate the greatest common divisor of 759 and 2046.
33
What is the greatest common divisor of 9933 and 231?
231
What is the greatest common factor of 365 and 1?
1
What is the highest common factor of 21 and 10845?
3
What is the greatest common divisor of 622 and 79927?
311
What is the highest common factor of 13 and 85397?
13
What is the greatest common factor of 11016 and 11832?
408
Calculate the greatest common factor of 525 and 104825.
175
What is the highest common divisor of 11894 and 266?
38
What is the greatest common divisor of 260 and 2203420?
20
What is the greatest common factor of 84369 and 3?
3
What is the greatest common factor of 202119 and 1602?
267
What is the greatest common factor of 116 and 16878?
58
What is the highest common factor of 49590 and 210?
30
Calculate the greatest common factor of 79902 and 18.
18
What is the greatest common divisor of 295 and 54280?
295
What is the greatest common factor of 624 and 41748?
12
What is the greatest common divisor of 4712 and 32?
8
Calculate the highest common factor of 3090860 and 20.
20
What is the highest common factor of 1374 and 58624?
458
What is the highest common factor of 613319 and 41?
41
What is the greatest common factor of 78 and 30936?
6
Calculate the highest common divisor of 22080 and 720.
240
What is the greatest common factor of 28 and 75908?
28
What is the greatest common factor of 55738 and 203?
29
What is the highest common factor of 25645 and 534085?
1115
What is the highest common divisor of 157526 and 79?
79
What is the greatest common divisor of 2739464 and 212?
212
Calculate the highest common factor of 40 and 63140.
20
Calculate the greatest common factor of 10906 and 8897.
287
Calculate the highest common divisor of 140 and 504.
28
Calculate the highest common factor of 5 and 1743.
1
Calculate the greatest common divisor of 2214 and 563422.
82
What is the greatest common divisor of 7056 and 528?
48
Calculate the greatest common factor of 2000 and 2125.
125
What is the greatest common divisor of 246 and 488433?
123
What is the highest common divisor of 72370 and 50?
10
What is the greatest common factor of 3146 and 746603?
143
What is the greatest common factor of 19671 and 16019?
83
Calculate the greatest common factor of 8844 and 2144.
268
What is the highest common divisor of 268200 and 447?
447
What is the highest common divisor of 1535 and 365?
5
What is the highest common factor of 81718 and 1274?
182
Calculate the highest common factor of 3659679 and 9.
9
What is the greatest common divisor of 32 and 554448?
16
Calculate the greatest common factor of 9245 and 3440.
215
What is the highest common factor of 1254 and 5346?
66
What is the highest common divisor of 42 and 26439?
21
What is the greatest common factor of 27762 and 126?
42
What is the greatest common divisor of 1714 and 263099?
857
Calculate the highest common factor of 7227 and 396.
99
What is the highest common divisor of 26970 and 43710?
930
What is the highest common factor of 7913 and 41?
41
Calculate the highest common divisor of 770682 and 594.
66
Calculate the greatest common divisor of 8960 and 512.
256
Calculate the highest common factor of 47813 and 137.
137
Calculate the greatest common factor of 98615 and 3025.
605
Calculate the greatest common factor of 283693 and 2868.
239
Calculate the highest common divisor of 67781 and 19787.
421
What is the highest common divisor of 32 and 3